{"id":26,"date":"2014-04-29T20:09:05","date_gmt":"2014-04-29T19:09:05","guid":{"rendered":"http:\/\/www.rossignol-nachtigall.fr\/?page_id=26"},"modified":"2023-07-09T19:03:30","modified_gmt":"2023-07-09T18:03:30","slug":"references","status":"publish","type":"page","link":"https:\/\/www.rossignol-nachtigall.com\/?page_id=26","title":{"rendered":"REFERENCES"},"content":{"rendered":"<div class=\"wp-block-image\">\n<figure class=\"aligncenter size-large is-resized\"><a href=\"https:\/\/www.rossignol-nachtigall.com\/wp-content\/uploads\/2023\/06\/cropped-cropped-cropped-Cover-CD-Christine-le-Rossignol-Alles-mit-Pfiff-MCP-CD-1190231-1.jpg\"><img decoding=\"async\" loading=\"lazy\" src=\"https:\/\/www.rossignol-nachtigall.com\/wp-content\/uploads\/2023\/06\/cropped-cropped-cropped-Cover-CD-Christine-le-Rossignol-Alles-mit-Pfiff-MCP-CD-1190231-1-1024x1024.jpg\" alt=\"\" class=\"wp-image-797\" width=\"149\" height=\"149\" srcset=\"https:\/\/www.rossignol-nachtigall.com\/wp-content\/uploads\/2023\/06\/cropped-cropped-cropped-Cover-CD-Christine-le-Rossignol-Alles-mit-Pfiff-MCP-CD-1190231-1-1024x1024.jpg 1024w, https:\/\/www.rossignol-nachtigall.com\/wp-content\/uploads\/2023\/06\/cropped-cropped-cropped-Cover-CD-Christine-le-Rossignol-Alles-mit-Pfiff-MCP-CD-1190231-1-300x300.jpg 300w, https:\/\/www.rossignol-nachtigall.com\/wp-content\/uploads\/2023\/06\/cropped-cropped-cropped-Cover-CD-Christine-le-Rossignol-Alles-mit-Pfiff-MCP-CD-1190231-1-150x150.jpg 150w, https:\/\/www.rossignol-nachtigall.com\/wp-content\/uploads\/2023\/06\/cropped-cropped-cropped-Cover-CD-Christine-le-Rossignol-Alles-mit-Pfiff-MCP-CD-1190231-1-768x769.jpg 768w, https:\/\/www.rossignol-nachtigall.com\/wp-content\/uploads\/2023\/06\/cropped-cropped-cropped-Cover-CD-Christine-le-Rossignol-Alles-mit-Pfiff-MCP-CD-1190231-1.jpg 1300w\" sizes=\"(max-width: 149px) 100vw, 149px\" \/><\/a><\/figure><\/div>\n\n<div style=\"text-align: left;\" align=\"center\">\n<p style=\"text-align: center;\"><span style=\"color: #0000ff;\"><u><strong>TELES &#8211; TV<\/strong><\/u><\/span><\/p>\n<p style=\"text-align: center;\">TF1&nbsp; &#8211;&nbsp; A2&nbsp; &#8211;&nbsp; FR3&nbsp; &#8211;&nbsp; TV Cristal<br>Diverses t\u00e9l\u00e9s locales<br>Melodie TV&nbsp; &#8211;&nbsp; Deutsche Musik Fernsehen<br>SR Sarrebr\u00fccken&nbsp; &#8211;&nbsp; TV Ciao Italio Sarrebr\u00fccken<br>MDR Aussenseiter Spitzenreiter&nbsp; &#8211;&nbsp; ARD Immer Wieder Sonntag&#8217;s in Rust<br>BR&nbsp; &#8211;&nbsp; SWR&nbsp; Sag die wahrheit&nbsp; &#8211;<br>MPTV&nbsp; Andy&#8217;s Musikparadies&nbsp; &#8211;&nbsp; Startreff &#8211; Larch show<\/p>\n<hr>\n<p style=\"text-align: center;\"><span style=\"color: #0000ff;\"><u><strong>RADIOS &#8211; RUNDFUNK<\/strong><\/u><\/span><\/p>\n<p style=\"text-align: center;\">France Bleu Elsass &#8211; France Bleu Alsace<br>Fr\u00e9quence Verte &#8211; Libert\u00e9 &#8211; Virgin &#8211; EST FM<br>Studio 1 &#8211; Schlager Rallye Iserlohn<br>Saint Nabor &#8211; M\u00e9lodie &#8211; Top Music &#8211; Elisabeth &#8211; Berg Echo<br>Kathrin&#8217;s w\u00fcnschbox &#8211; AWN Straubing &#8211; SWR4<\/p>\n<hr>\n<p style=\"text-align: center;\"><span style=\"color: #0000ff;\"><strong><u>PRESSE FRANCAISE &#8211; FRANZ\u00d6SICHE PRESSE<\/u><\/strong><\/span><\/p>\n<p style=\"text-align: center;\">Derni\u00e8res nouvelles d&#8217;Alsace<br>R\u00e9publicain Lorrain&nbsp; &#8211;&nbsp; Est R\u00e9publicain -Alsace<br>D&#8217;Heimet zwische Rhin un Vogese<\/p>\n<hr>\n<p style=\"text-align: center;\"><span style=\"color: #0000ff;\"><strong><u>PRESSE ALLEMANDE &#8211; DEUTSCHE PRESSE<\/u><\/strong><\/span><\/p>\n<p style=\"text-align: center;\">Badisches Tagblatt&nbsp; &#8211;&nbsp; BNN&nbsp; &#8211;&nbsp; Kehler Zeitung<br>Mittelbadische Presse Landkreiss Straubing<br>Zeitung Ortenau&nbsp; &#8211;&nbsp; Stadlpost&nbsp; &#8211;&nbsp; Morgenpost<\/p>\n<\/div>\n<div style=\"text-align: left;\" align=\"center\">\n<hr>\n<p style=\"text-align: center;\">\u00a9 Copyright &#8221; Tous droits r\u00e9serv\u00e9s&#8221; Christine le Rossignol &#8211; Die Nachtigall <\/p>\n<\/div>\n<div style=\"text-align: center;\" align=\"center\">&nbsp;<\/div>","protected":false},"excerpt":{"rendered":"<p>TELES &#8211; TV TF1&nbsp; &#8211;&nbsp; A2&nbsp; &#8211;&nbsp; FR3&nbsp; &#8211;&nbsp; TV CristalDiverses t\u00e9l\u00e9s localesMelodie TV&nbsp; &#8211;&nbsp; Deutsche Musik FernsehenSR Sarrebr\u00fccken&nbsp; &#8211;&nbsp;<\/p>\n<p><a href=\"https:\/\/www.rossignol-nachtigall.com\/?page_id=26\" class=\"more-link\">Continue reading<span class=\"screen-reader-text\">REFERENCES<\/span><\/a><\/p>\n","protected":false},"author":1,"featured_media":0,"parent":0,"menu_order":0,"comment_status":"closed","ping_status":"closed","template":"","meta":[],"_links":{"self":[{"href":"https:\/\/www.rossignol-nachtigall.com\/index.php?rest_route=\/wp\/v2\/pages\/26"}],"collection":[{"href":"https:\/\/www.rossignol-nachtigall.com\/index.php?rest_route=\/wp\/v2\/pages"}],"about":[{"href":"https:\/\/www.rossignol-nachtigall.com\/index.php?rest_route=\/wp\/v2\/types\/page"}],"author":[{"embeddable":true,"href":"https:\/\/www.rossignol-nachtigall.com\/index.php?rest_route=\/wp\/v2\/users\/1"}],"replies":[{"embeddable":true,"href":"https:\/\/www.rossignol-nachtigall.com\/index.php?rest_route=%2Fwp%2Fv2%2Fcomments&post=26"}],"version-history":[{"count":26,"href":"https:\/\/www.rossignol-nachtigall.com\/index.php?rest_route=\/wp\/v2\/pages\/26\/revisions"}],"predecessor-version":[{"id":866,"href":"https:\/\/www.rossignol-nachtigall.com\/index.php?rest_route=\/wp\/v2\/pages\/26\/revisions\/866"}],"wp:attachment":[{"href":"https:\/\/www.rossignol-nachtigall.com\/index.php?rest_route=%2Fwp%2Fv2%2Fmedia&parent=26"}],"curies":[{"name":"wp","href":"https:\/\/api.w.org\/{rel}","templated":true}]}}